{"id":1766,"date":"2025-03-19T12:44:09","date_gmt":"2025-03-19T12:44:09","guid":{"rendered":"https:\/\/locacao.luzemacao.com\/?post_type=product&#038;p=1766"},"modified":"2026-02-25T18:28:05","modified_gmt":"2026-02-25T18:28:05","slug":"softbox-greika-140cm","status":"publish","type":"product","link":"https:\/\/locacao.luzemacao.com\/index.php\/product\/softbox-greika-140cm\/","title":{"rendered":"Softbox Greika 140cm"},"content":{"rendered":"<div>Softbox Parab\u00f3lico Greika SB16B 140cm com encaixe BOWENS e montagem tipo sombrinha com engate, muito pr\u00e1tico!<\/div>\n<div><\/div>\n<div>Compat\u00edvel com todos os iluminadores LED e Flash est\u00fadio encaixe bowens;<\/div>\n<div><\/div>\n<div>ITENS INCLUSOS:<\/div>\n<div>01 Softbox Parab\u00f3lico Greika SB16B140<\/div>\n<div>01 Panela branco central pequena<\/div>\n<div>01 Difusor intermedi\u00e1rio;<\/div>\n<div>01 Difusor frontal;<\/div>\n<div>01 Tela grid Colmeia<\/div>\n<div>01 Bag para transporte e armazenamento Greika<\/div>\n<div id=\"gtx-trans\" style=\"position: absolute; left: 51px; top: 114.643px;\">\n<div class=\"gtx-trans-icon\"><\/div>\n<\/div>\n","protected":false},"excerpt":{"rendered":"<p>Softbox Parab\u00f3lico Greika SB16B 140cm com encaixe BOWENS e montagem tipo sombrinha com engate, muito pr\u00e1tico! Compat\u00edvel com todos os iluminadores LED e Flash est\u00fadio encaixe bowens; ITENS INCLUSOS: 01 Softbox Parab\u00f3lico Greika SB16B140 01 Panela branco central pequena 01 Difusor intermedi\u00e1rio; 01 Difusor frontal; 01 Tela grid Colmeia 01 Bag para transporte e armazenamento &hellip;<\/p>\n<p class=\"read-more\"> <a class=\" thunk-readmore button \" href=\"https:\/\/locacao.luzemacao.com\/index.php\/product\/softbox-greika-140cm\/\"> <span class=\"screen-reader-text\">Softbox Greika 140cm<\/span>Read More<\/a><\/p>\n","protected":false},"featured_media":1772,"comment_status":"open","ping_status":"closed","template":"","meta":{"_monsterinsights_skip_tracking":false,"_monsterinsights_sitenote_active":false,"_monsterinsights_sitenote_note":"","_monsterinsights_sitenote_category":0},"product_cat":[16,66],"product_tag":[54],"aioseo_notices":[],"_links":{"self":[{"href":"https:\/\/locacao.luzemacao.com\/index.php\/wp-json\/wp\/v2\/product\/1766"}],"collection":[{"href":"https:\/\/locacao.luzemacao.com\/index.php\/wp-json\/wp\/v2\/product"}],"about":[{"href":"https:\/\/locacao.luzemacao.com\/index.php\/wp-json\/wp\/v2\/types\/product"}],"replies":[{"embeddable":true,"href":"https:\/\/locacao.luzemacao.com\/index.php\/wp-json\/wp\/v2\/comments?post=1766"}],"wp:featuredmedia":[{"embeddable":true,"href":"https:\/\/locacao.luzemacao.com\/index.php\/wp-json\/wp\/v2\/media\/1772"}],"wp:attachment":[{"href":"https:\/\/locacao.luzemacao.com\/index.php\/wp-json\/wp\/v2\/media?parent=1766"}],"wp:term":[{"taxonomy":"product_cat","embeddable":true,"href":"https:\/\/locacao.luzemacao.com\/index.php\/wp-json\/wp\/v2\/product_cat?post=1766"},{"taxonomy":"product_tag","embeddable":true,"href":"https:\/\/locacao.luzemacao.com\/index.php\/wp-json\/wp\/v2\/product_tag?post=1766"}],"curies":[{"name":"wp","href":"https:\/\/api.w.org\/{rel}","templated":true}]}}