{"id":630,"date":"2022-10-27T17:19:07","date_gmt":"2022-10-27T17:19:07","guid":{"rendered":"https:\/\/locacao.luzemacao.com\/?post_type=product&#038;p=630"},"modified":"2025-11-06T15:01:14","modified_gmt":"2025-11-06T15:01:14","slug":"canon-135mm-f3-5-fd-foco-manual","status":"publish","type":"product","link":"https:\/\/locacao.luzemacao.com\/index.php\/product\/canon-135mm-f3-5-fd-foco-manual\/","title":{"rendered":"Canon 135mm F3.5 FD"},"content":{"rendered":"<table class=\"a-normal a-spacing-micro\" style=\"height: 147px;\" width=\"471\">\n<tbody>\n<tr class=\"a-spacing-small po-brand\">\n<td class=\"a-span3\"><span class=\"a-size-base a-text-bold\">Marca<\/span><\/td>\n<td class=\"a-span9\"><span class=\"a-size-base\">Canon<\/span><\/td>\n<\/tr>\n<tr class=\"a-spacing-small po-lens.type\">\n<td class=\"a-span3\"><span class=\"a-size-base a-text-bold\">Tipo de lente<\/span><\/td>\n<td class=\"a-span9\"><span class=\"a-size-base\">Teleobjetiva<\/span><\/td>\n<\/tr>\n<tr class=\"a-spacing-small po-compatible_mountings\">\n<td class=\"a-span3\"><span class=\"a-size-base a-text-bold\">Montagens compat\u00edveis<\/span><\/td>\n<td class=\"a-span9\"><span class=\"a-size-base\">Canon FD<\/span><\/td>\n<\/tr>\n<tr class=\"a-spacing-small po-camera_lens.description\">\n<td class=\"a-span3\"><span class=\"a-size-base a-text-bold\">Descri\u00e7\u00e3o da lente<\/span><\/td>\n<td class=\"a-span9\"><span class=\"a-size-base\">135 millimetres<\/span><\/td>\n<\/tr>\n<tr class=\"a-spacing-small po-max_focal_length\">\n<td class=\"a-span3\"><span class=\"a-size-base a-text-bold\">Dist\u00e2ncia focal m\u00e1xi<\/span><\/td>\n<\/tr>\n<\/tbody>\n<\/table>\n<p>OBS: Inclui adaptador FD\/MFT<\/p>\n<p>&nbsp;<\/p>\n","protected":false},"excerpt":{"rendered":"<p>Marca Canon Tipo de lente Teleobjetiva Montagens compat\u00edveis Canon FD Descri\u00e7\u00e3o da lente 135 millimetres Dist\u00e2ncia focal m\u00e1xi OBS: Inclui adaptador FD\/MFT &nbsp;<\/p>\n","protected":false},"featured_media":631,"comment_status":"open","ping_status":"closed","template":"","meta":{"_monsterinsights_skip_tracking":false,"_monsterinsights_sitenote_active":false,"_monsterinsights_sitenote_note":"","_monsterinsights_sitenote_category":0},"product_cat":[18,67,121],"product_tag":[],"aioseo_notices":[],"_links":{"self":[{"href":"https:\/\/locacao.luzemacao.com\/index.php\/wp-json\/wp\/v2\/product\/630"}],"collection":[{"href":"https:\/\/locacao.luzemacao.com\/index.php\/wp-json\/wp\/v2\/product"}],"about":[{"href":"https:\/\/locacao.luzemacao.com\/index.php\/wp-json\/wp\/v2\/types\/product"}],"replies":[{"embeddable":true,"href":"https:\/\/locacao.luzemacao.com\/index.php\/wp-json\/wp\/v2\/comments?post=630"}],"wp:featuredmedia":[{"embeddable":true,"href":"https:\/\/locacao.luzemacao.com\/index.php\/wp-json\/wp\/v2\/media\/631"}],"wp:attachment":[{"href":"https:\/\/locacao.luzemacao.com\/index.php\/wp-json\/wp\/v2\/media?parent=630"}],"wp:term":[{"taxonomy":"product_cat","embeddable":true,"href":"https:\/\/locacao.luzemacao.com\/index.php\/wp-json\/wp\/v2\/product_cat?post=630"},{"taxonomy":"product_tag","embeddable":true,"href":"https:\/\/locacao.luzemacao.com\/index.php\/wp-json\/wp\/v2\/product_tag?post=630"}],"curies":[{"name":"wp","href":"https:\/\/api.w.org\/{rel}","templated":true}]}}